{"id":163,"date":"2021-03-03T09:54:07","date_gmt":"2021-03-03T09:54:07","guid":{"rendered":"http:\/\/www.afiptisp.org\/?page_id=163"},"modified":"2021-03-03T20:15:18","modified_gmt":"2021-03-03T20:15:18","slug":"terminos-legales-y-condiciones","status":"publish","type":"page","link":"https:\/\/www.afiptisp.org\/index.php\/terminos-legales-y-condiciones\/","title":{"rendered":"T\u00e9rminos legales y condiciones"},"content":{"rendered":"<p><strong>1.\u00a0T\u00e9rminos legales y condiciones<\/strong><\/p>\n<p><strong>Aviso Legal General<\/strong><\/p>\n<p><strong>Datos identificativos<\/strong><\/p>\n<p>La Asociaci\u00f3n de www.afiptisp.org es la Asociaci\u00f3n de Formadores, Investigadores y Profesionales de la Traducci\u00f3n e Interpretaci\u00f3n en los Servicios P\u00fablicos (AFIPTISP), con domicilio social en C\/ Trinidad, 3. 28801 Alcal\u00e1 de Henares, con C.I.F: G87158283, inscrita en Registro Nacional de Asociaciones (Grupo: 1\u00ba\/Secci\u00f3n: 1\u00aa\/N\u00famero Nacional: 604669). Correo electr\u00f3nico secretaria@afiptisp.org<\/p>\n<p><strong>Propiedad intelectual de la web<\/strong><\/p>\n<p>Todos los derechos de propiedad intelectual del contenido de esta p\u00e1gina web, su dise\u00f1o gr\u00e1fico y sus c\u00f3digos fuente, son titularidad exclusiva de AFIPTISP correspondi\u00e9ndonos el ejercicio exclusivo de los derechos de explotaci\u00f3n de los mismos.<\/p>\n<p>Por tanto queda prohibida su reproducci\u00f3n, distribuci\u00f3n, comunicaci\u00f3n p\u00fablica y transformaci\u00f3n, total o parcial, sin la autorizaci\u00f3n expresa de AFIPTISP. Igualmente, todos los nombres comerciales, marcas o signos distintos de cualquier clase contenidos en este web site est\u00e1n protegidos por ley.<\/p>\n<p><strong>Contenido de la web y enlaces<\/strong><\/p>\n<p>En AFIPTISP no nos responsabilizamos del mal uso que se realice de los contenidos de nuestra p\u00e1gina web, siendo exclusiva responsabilidad de la persona que accede a ellos o los utiliza.<\/p>\n<p>Tampoco asumimos ninguna responsabilidad por la informaci\u00f3n contenida en las p\u00e1ginas web de terceros a las que se pueda acceder por enlaces o buscadores desde la p\u00e1gina web afiptisp.org.<\/p>\n<p><strong>Intercambio o difusi\u00f3n de informaci\u00f3n<\/strong><\/p>\n<p>AFIPTISP declina toda responsabilidad que se derive del intercambio de informaci\u00f3n entre usuarios a trav\u00e9s de su p\u00e1gina web. Especialmente no nos hacemos responsables del uso que los menores puedan hacer de la misma en caso de que los contenidos a que se acceda puedan herir la sensibilidad de los mismos.<\/p>\n<p><strong>Actualizaci\u00f3n y modificaci\u00f3n de la p\u00e1gina web<\/strong><\/p>\n<p>AFIPTISP se reserva el derecho a actualizar, modificar o eliminar la informaci\u00f3n contenida en su web site, y la configuraci\u00f3n o presentaci\u00f3n del mismo, en cualquier momento, sin previo aviso, y sin asumir responsabilidad alguna por ello.<\/p>\n<p><strong>Indicaciones sobre aspectos t\u00e9cnicos<\/strong><\/p>\n<p>En AFIPTISP no asumimos ninguna responsabilidad que se pueda derivar de problemas t\u00e9cnicos o fallos en los equipos inform\u00e1ticos, no imputables a nuestra Asociaci\u00f3n, que se produzcan durante la conexi\u00f3n a la red de Internet , as\u00ed como de da\u00f1os que pudieran ser causados por terceras personas mediante intromisiones ileg\u00edtimas fuera del control de AFIPTISP.<\/p>\n<p>Tambi\u00e9n quedamos exonerados de toda responsabilidad ante posibles da\u00f1os o perjuicios que pueda sufrir el usuario a consecuencia de errores, defectos u omisiones en la informaci\u00f3n que facilitemos cuando proceda de fuentes ajenas a nosotros.<\/p>\n<p><strong>Tratamiento de datos del usuario<\/strong><\/p>\n<p>En cumplimiento de lo establecido en la Ley Org\u00e1nica 15\/1999, de 13 de diciembre, de Protecci\u00f3n de Datos de Car\u00e1cter Personal, AFIPTISP, informa a sus socios de que cuantos datos personales le faciliten ser\u00e1n incluidos en un fichero automatizado de datos de car\u00e1cter personal, creado y mantenido bajo la responsabilidad de AFIPTISP.<\/p>\n<p>La finalidad de dicho fichero es facilitar la tramitaci\u00f3n de inscripciones como socios y enviar informaci\u00f3n en el futuro sobre actividades y servicios que puedan resultar de inter\u00e9s a nuestros socios.<\/p>\n<p>AFIPTISP garantiza la seguridad y confidencialidad de los datos facilitados. De este modo, se compromete al cumplimiento de su obligaci\u00f3n de secreto de los datos de car\u00e1cter personal y de su deber de guardarlos y adoptar todas las medidas necesarias para evitar su alteraci\u00f3n, p\u00e9rdida, tratamiento o uso no autorizado. Por lo tanto, toda la informaci\u00f3n sobre nuestros socios no ser\u00e1 utilizada con prop\u00f3sitos comerciales ni ser\u00e1 cedida a terceros.<\/p>\n<p>Los socios de AFIPTISP podr\u00e1n en todo momento ejercitar los derechos de acceso, rectificaci\u00f3n, cancelaci\u00f3n y oposici\u00f3n, comunic\u00e1ndolo por escrito a nuestra direcci\u00f3n de correo electr\u00f3nico secretaria@afiptisp.org<\/p>\n<p><strong>Seguridad en los accesos<\/strong><\/p>\n<p>El acceso a las p\u00e1ginas a trav\u00e9s de las que el socio de AFIPTISP consulte datos personales, solicite informaci\u00f3n complementaria o contrate alguno de los productos que ofertamos se realiza a trav\u00e9s de l\u00ednea segura.<\/p>\n<p><strong>Errores tipogr\u00e1ficos<\/strong><\/p>\n<p>AFIPTISP no se hace responsable de los errores tipogr\u00e1ficos. En el caso de que en alg\u00fan momento se produjera alg\u00fan error de este tipo, ajeno en todo momento a la voluntad de AFIPTISP se proceder\u00eda inmediatamente a su correcci\u00f3n. De existir un error tipogr\u00e1fico en alguno de los precios o promociones mostrados y alg\u00fan socio hubiera tomado una decisi\u00f3n de compra basada en dicho error, le comunicaremos dicho error y el socio tendr\u00e1 derecho a rescindir su compra sin ning\u00fan coste por su parte.<\/p>\n<p><strong>Legislaci\u00f3n y jurisdicci\u00f3n<\/strong><\/p>\n<p>Las presentes condiciones generales se interpretar\u00e1n conforme a la legislaci\u00f3n vigente en Espa\u00f1a en la materia, que se aplicar\u00e1 subsidiariamente en todo lo que no se haya previsto en las mismas. (B\u00e1sicamente Ley 34\/2002 de 11 de julio de servicios de la informaci\u00f3n y comercio electr\u00f3nico).<\/p>\n<p>Los usuarios de nuestra web son conscientes de todo lo expuesto y lo aceptan voluntariamente.<\/p>\n<p>Si quieres hacer alg\u00fan comentario o sugerencia, puedes utilizar nuestro servicio de consulta dirigi\u00e9ndote al correo electr\u00f3nico secretaria@afiptisp.org<\/p>\n<p><strong>Plataforma de resoluci\u00f3n de litigios en l\u00ednea<\/strong><\/p>\n<p>Resoluci\u00f3n de litigios en l\u00ednea en materia de consumo conforme al Art. 14.1 del Reglamento (UE) 524\/2013: La Comisi\u00f3n Europea facilita una plataforma de resoluci\u00f3n de litigios en l\u00ednea que se encuentra disponible en el siguiente enlace:\u00a0<a href=\"https:\/\/ec.europa.eu\/consumers\/odr\/\" target=\"_blank\" rel=\"noopener\">https:\/\/ec.europa.eu\/consumers\/odr\/<\/a><\/p>\n<p><strong>2.\u00a0Cuota socios- Formas de pago<\/strong><\/p>\n<p><strong>Transferencia bancaria<\/strong><\/p>\n<p>El pago de la cuota anual de socio se realizar\u00e1 por transferencia bancaria, junto con la confirmaci\u00f3n de su inscripci\u00f3n, recibir\u00e1 un e-mail donde se le indicar\u00e1 el n\u00famero de socio con el que quedar\u00e1 inscrito.<\/p>\n<p>No olvide que debe efectuar el pago en EUROS y que todas las eventuales comisiones de cambio y bancarias corren por su cuenta al optar por este sistema de pago. En el caso de\u00a0<strong>transferencias bancarias realizadas desde fuera de Espa\u00f1a<\/strong>\u00a0es muy importante que al ordenar la transferencia comunique siempre a su banco hacerse cargo de las comisiones en origen, aquellas comisiones bancarias y gastos correspondientes a su entidad. De no ser as\u00ed, AFIPTISP podr\u00eda paralizar su inscripci\u00f3n como socio al no recibir la cantidad \u00edntegra del mismo.<br \/>\n<a id=\"post-163-6\"><\/a><a id=\"post-163-7\"><\/a><\/p>\n<!-- AddThis Advanced Settings generic via filter on the_content --><!-- AddThis Share Buttons generic via filter on the_content -->","protected":false},"excerpt":{"rendered":"<p>1.\u00a0T\u00e9rminos legales y condiciones Aviso Legal General Datos identificativos La Asociaci\u00f3n de www.afiptisp.org es la Asociaci\u00f3n de Formadores, Investigadores y Profesionales de la Traducci\u00f3n e Interpretaci\u00f3n en los Servicios P\u00fablicos (AFIPTISP), con domicilio social en C\/ Trinidad, 3. 28801 Alcal\u00e1 de Henares, con C.I.F: G87158283, inscrita en Registro Nacional de Asociaciones (Grupo: 1\u00ba\/Secci\u00f3n: 1\u00aa\/N\u00famero Nacional: &hellip; <\/p>\n<p class=\"link-more\"><a href=\"https:\/\/www.afiptisp.org\/index.php\/terminos-legales-y-condiciones\/\" class=\"more-link\">Continuar leyendo<span class=\"screen-reader-text\"> &#8220;T\u00e9rminos legales y condiciones&#8221;<\/span><\/a><\/p>\n<p><!-- AddThis Advanced Settings generic via filter on get_the_excerpt --><!-- AddThis Share Buttons generic via filter on get_the_excerpt --><\/p>\n","protected":false},"author":1,"featured_media":0,"parent":0,"menu_order":0,"comment_status":"closed","ping_status":"closed","template":"","meta":{"footnotes":""},"class_list":["post-163","page","type-page","status-publish","hentry"],"yoast_head":"<!-- This site is optimized with the Yoast SEO plugin v27.5 - https:\/\/yoast.com\/product\/yoast-seo-wordpress\/ -->\n<title>T\u00e9rminos legales y condiciones - ASOCIACI\u00d3N DE FORMADORES, INVESTIGADORES Y PROFESIONALES DE LA TRADUCCI\u00d3N Y LA INTERPRETACI\u00d3N EN LOS SERVICIOS P\u00daBLICOS<\/title>\n<meta name=\"robots\" content=\"index, follow, max-snippet:-1, max-image-preview:large, max-video-preview:-1\" \/>\n<link rel=\"canonical\" href=\"https:\/\/www.afiptisp.org\/index.php\/terminos-legales-y-condiciones\/\" \/>\n<meta property=\"og:locale\" content=\"es_ES\" \/>\n<meta property=\"og:type\" content=\"article\" \/>\n<meta property=\"og:title\" content=\"T\u00e9rminos legales y condiciones - ASOCIACI\u00d3N DE FORMADORES, INVESTIGADORES Y PROFESIONALES DE LA TRADUCCI\u00d3N Y LA INTERPRETACI\u00d3N EN LOS SERVICIOS P\u00daBLICOS\" \/>\n<meta property=\"og:description\" content=\"1.\u00a0T\u00e9rminos legales y condiciones Aviso Legal General Datos identificativos La Asociaci\u00f3n de www.afiptisp.org es la Asociaci\u00f3n de Formadores, Investigadores y Profesionales de la Traducci\u00f3n e Interpretaci\u00f3n en los Servicios P\u00fablicos (AFIPTISP), con domicilio social en C\/ Trinidad, 3. 28801 Alcal\u00e1 de Henares, con C.I.F: G87158283, inscrita en Registro Nacional de Asociaciones (Grupo: 1\u00ba\/Secci\u00f3n: 1\u00aa\/N\u00famero Nacional: &hellip; Continuar leyendo &quot;T\u00e9rminos legales y condiciones&quot;\" \/>\n<meta property=\"og:url\" content=\"https:\/\/www.afiptisp.org\/index.php\/terminos-legales-y-condiciones\/\" \/>\n<meta property=\"og:site_name\" content=\"ASOCIACI\u00d3N DE FORMADORES, INVESTIGADORES Y PROFESIONALES DE LA TRADUCCI\u00d3N Y LA INTERPRETACI\u00d3N EN LOS SERVICIOS P\u00daBLICOS\" \/>\n<meta property=\"article:modified_time\" content=\"2021-03-03T20:15:18+00:00\" \/>\n<meta name=\"twitter:card\" content=\"summary_large_image\" \/>\n<meta name=\"twitter:label1\" content=\"Tiempo de lectura\" \/>\n\t<meta name=\"twitter:data1\" content=\"5 minutos\" \/>\n<script type=\"application\/ld+json\" class=\"yoast-schema-graph\">{\"@context\":\"https:\\\/\\\/schema.org\",\"@graph\":[{\"@type\":\"WebPage\",\"@id\":\"https:\\\/\\\/www.afiptisp.org\\\/index.php\\\/terminos-legales-y-condiciones\\\/\",\"url\":\"https:\\\/\\\/www.afiptisp.org\\\/index.php\\\/terminos-legales-y-condiciones\\\/\",\"name\":\"T\u00e9rminos legales y condiciones - ASOCIACI\u00d3N DE FORMADORES, INVESTIGADORES Y PROFESIONALES DE LA TRADUCCI\u00d3N Y LA INTERPRETACI\u00d3N EN LOS SERVICIOS P\u00daBLICOS\",\"isPartOf\":{\"@id\":\"https:\\\/\\\/www.afiptisp.org\\\/#website\"},\"datePublished\":\"2021-03-03T09:54:07+00:00\",\"dateModified\":\"2021-03-03T20:15:18+00:00\",\"breadcrumb\":{\"@id\":\"https:\\\/\\\/www.afiptisp.org\\\/index.php\\\/terminos-legales-y-condiciones\\\/#breadcrumb\"},\"inLanguage\":\"es\",\"potentialAction\":[{\"@type\":\"ReadAction\",\"target\":[\"https:\\\/\\\/www.afiptisp.org\\\/index.php\\\/terminos-legales-y-condiciones\\\/\"]}]},{\"@type\":\"BreadcrumbList\",\"@id\":\"https:\\\/\\\/www.afiptisp.org\\\/index.php\\\/terminos-legales-y-condiciones\\\/#breadcrumb\",\"itemListElement\":[{\"@type\":\"ListItem\",\"position\":1,\"name\":\"Portada\",\"item\":\"https:\\\/\\\/www.afiptisp.org\\\/\"},{\"@type\":\"ListItem\",\"position\":2,\"name\":\"T\u00e9rminos legales y condiciones\"}]},{\"@type\":\"WebSite\",\"@id\":\"https:\\\/\\\/www.afiptisp.org\\\/#website\",\"url\":\"https:\\\/\\\/www.afiptisp.org\\\/\",\"name\":\"ASOCIACI\u00d3N DE FORMADORES, INVESTIGADORES Y PROFESIONALES DE LA TRADUCCI\u00d3N Y LA INTERPRETACI\u00d3N EN LOS SERVICIOS P\u00daBLICOS\",\"description\":\"Red V\u00e9rtice: https:\\\/\\\/www.redvertice.org\",\"publisher\":{\"@id\":\"https:\\\/\\\/www.afiptisp.org\\\/#organization\"},\"potentialAction\":[{\"@type\":\"SearchAction\",\"target\":{\"@type\":\"EntryPoint\",\"urlTemplate\":\"https:\\\/\\\/www.afiptisp.org\\\/?s={search_term_string}\"},\"query-input\":{\"@type\":\"PropertyValueSpecification\",\"valueRequired\":true,\"valueName\":\"search_term_string\"}}],\"inLanguage\":\"es\"},{\"@type\":\"Organization\",\"@id\":\"https:\\\/\\\/www.afiptisp.org\\\/#organization\",\"name\":\"ASOCIACI\u00d3N DE FORMADORES, INVESTIGADORES Y PROFESIONALES DE LA TRADUCCI\u00d3N Y LA INTERPRETACI\u00d3N EN LOS SERVICIOS P\u00daBLICOS\",\"url\":\"https:\\\/\\\/www.afiptisp.org\\\/\",\"logo\":{\"@type\":\"ImageObject\",\"inLanguage\":\"es\",\"@id\":\"https:\\\/\\\/www.afiptisp.org\\\/#\\\/schema\\\/logo\\\/image\\\/\",\"url\":\"https:\\\/\\\/www.afiptisp.org\\\/wp-content\\\/uploads\\\/2025\\\/03\\\/cropped-Logo-AFIPTISP.png\",\"contentUrl\":\"https:\\\/\\\/www.afiptisp.org\\\/wp-content\\\/uploads\\\/2025\\\/03\\\/cropped-Logo-AFIPTISP.png\",\"width\":250,\"height\":250,\"caption\":\"ASOCIACI\u00d3N DE FORMADORES, INVESTIGADORES Y PROFESIONALES DE LA TRADUCCI\u00d3N Y LA INTERPRETACI\u00d3N EN LOS SERVICIOS P\u00daBLICOS\"},\"image\":{\"@id\":\"https:\\\/\\\/www.afiptisp.org\\\/#\\\/schema\\\/logo\\\/image\\\/\"}}]}<\/script>\n<!-- \/ Yoast SEO plugin. -->","yoast_head_json":{"title":"T\u00e9rminos legales y condiciones - ASOCIACI\u00d3N DE FORMADORES, INVESTIGADORES Y PROFESIONALES DE LA TRADUCCI\u00d3N Y LA INTERPRETACI\u00d3N EN LOS SERVICIOS P\u00daBLICOS","robots":{"index":"index","follow":"follow","max-snippet":"max-snippet:-1","max-image-preview":"max-image-preview:large","max-video-preview":"max-video-preview:-1"},"canonical":"https:\/\/www.afiptisp.org\/index.php\/terminos-legales-y-condiciones\/","og_locale":"es_ES","og_type":"article","og_title":"T\u00e9rminos legales y condiciones - ASOCIACI\u00d3N DE FORMADORES, INVESTIGADORES Y PROFESIONALES DE LA TRADUCCI\u00d3N Y LA INTERPRETACI\u00d3N EN LOS SERVICIOS P\u00daBLICOS","og_description":"1.\u00a0T\u00e9rminos legales y condiciones Aviso Legal General Datos identificativos La Asociaci\u00f3n de www.afiptisp.org es la Asociaci\u00f3n de Formadores, Investigadores y Profesionales de la Traducci\u00f3n e Interpretaci\u00f3n en los Servicios P\u00fablicos (AFIPTISP), con domicilio social en C\/ Trinidad, 3. 28801 Alcal\u00e1 de Henares, con C.I.F: G87158283, inscrita en Registro Nacional de Asociaciones (Grupo: 1\u00ba\/Secci\u00f3n: 1\u00aa\/N\u00famero Nacional: &hellip; Continuar leyendo \"T\u00e9rminos legales y condiciones\"","og_url":"https:\/\/www.afiptisp.org\/index.php\/terminos-legales-y-condiciones\/","og_site_name":"ASOCIACI\u00d3N DE FORMADORES, INVESTIGADORES Y PROFESIONALES DE LA TRADUCCI\u00d3N Y LA INTERPRETACI\u00d3N EN LOS SERVICIOS P\u00daBLICOS","article_modified_time":"2021-03-03T20:15:18+00:00","twitter_card":"summary_large_image","twitter_misc":{"Tiempo de lectura":"5 minutos"},"schema":{"@context":"https:\/\/schema.org","@graph":[{"@type":"WebPage","@id":"https:\/\/www.afiptisp.org\/index.php\/terminos-legales-y-condiciones\/","url":"https:\/\/www.afiptisp.org\/index.php\/terminos-legales-y-condiciones\/","name":"T\u00e9rminos legales y condiciones - ASOCIACI\u00d3N DE FORMADORES, INVESTIGADORES Y PROFESIONALES DE LA TRADUCCI\u00d3N Y LA INTERPRETACI\u00d3N EN LOS SERVICIOS P\u00daBLICOS","isPartOf":{"@id":"https:\/\/www.afiptisp.org\/#website"},"datePublished":"2021-03-03T09:54:07+00:00","dateModified":"2021-03-03T20:15:18+00:00","breadcrumb":{"@id":"https:\/\/www.afiptisp.org\/index.php\/terminos-legales-y-condiciones\/#breadcrumb"},"inLanguage":"es","potentialAction":[{"@type":"ReadAction","target":["https:\/\/www.afiptisp.org\/index.php\/terminos-legales-y-condiciones\/"]}]},{"@type":"BreadcrumbList","@id":"https:\/\/www.afiptisp.org\/index.php\/terminos-legales-y-condiciones\/#breadcrumb","itemListElement":[{"@type":"ListItem","position":1,"name":"Portada","item":"https:\/\/www.afiptisp.org\/"},{"@type":"ListItem","position":2,"name":"T\u00e9rminos legales y condiciones"}]},{"@type":"WebSite","@id":"https:\/\/www.afiptisp.org\/#website","url":"https:\/\/www.afiptisp.org\/","name":"ASOCIACI\u00d3N DE FORMADORES, INVESTIGADORES Y PROFESIONALES DE LA TRADUCCI\u00d3N Y LA INTERPRETACI\u00d3N EN LOS SERVICIOS P\u00daBLICOS","description":"Red V\u00e9rtice: https:\/\/www.redvertice.org","publisher":{"@id":"https:\/\/www.afiptisp.org\/#organization"},"potentialAction":[{"@type":"SearchAction","target":{"@type":"EntryPoint","urlTemplate":"https:\/\/www.afiptisp.org\/?s={search_term_string}"},"query-input":{"@type":"PropertyValueSpecification","valueRequired":true,"valueName":"search_term_string"}}],"inLanguage":"es"},{"@type":"Organization","@id":"https:\/\/www.afiptisp.org\/#organization","name":"ASOCIACI\u00d3N DE FORMADORES, INVESTIGADORES Y PROFESIONALES DE LA TRADUCCI\u00d3N Y LA INTERPRETACI\u00d3N EN LOS SERVICIOS P\u00daBLICOS","url":"https:\/\/www.afiptisp.org\/","logo":{"@type":"ImageObject","inLanguage":"es","@id":"https:\/\/www.afiptisp.org\/#\/schema\/logo\/image\/","url":"https:\/\/www.afiptisp.org\/wp-content\/uploads\/2025\/03\/cropped-Logo-AFIPTISP.png","contentUrl":"https:\/\/www.afiptisp.org\/wp-content\/uploads\/2025\/03\/cropped-Logo-AFIPTISP.png","width":250,"height":250,"caption":"ASOCIACI\u00d3N DE FORMADORES, INVESTIGADORES Y PROFESIONALES DE LA TRADUCCI\u00d3N Y LA INTERPRETACI\u00d3N EN LOS SERVICIOS P\u00daBLICOS"},"image":{"@id":"https:\/\/www.afiptisp.org\/#\/schema\/logo\/image\/"}}]}},"_links":{"self":[{"href":"https:\/\/www.afiptisp.org\/index.php\/wp-json\/wp\/v2\/pages\/163","targetHints":{"allow":["GET"]}}],"collection":[{"href":"https:\/\/www.afiptisp.org\/index.php\/wp-json\/wp\/v2\/pages"}],"about":[{"href":"https:\/\/www.afiptisp.org\/index.php\/wp-json\/wp\/v2\/types\/page"}],"author":[{"embeddable":true,"href":"https:\/\/www.afiptisp.org\/index.php\/wp-json\/wp\/v2\/users\/1"}],"replies":[{"embeddable":true,"href":"https:\/\/www.afiptisp.org\/index.php\/wp-json\/wp\/v2\/comments?post=163"}],"version-history":[{"count":4,"href":"https:\/\/www.afiptisp.org\/index.php\/wp-json\/wp\/v2\/pages\/163\/revisions"}],"predecessor-version":[{"id":829,"href":"https:\/\/www.afiptisp.org\/index.php\/wp-json\/wp\/v2\/pages\/163\/revisions\/829"}],"wp:attachment":[{"href":"https:\/\/www.afiptisp.org\/index.php\/wp-json\/wp\/v2\/media?parent=163"}],"curies":[{"name":"wp","href":"https:\/\/api.w.org\/{rel}","templated":true}]}}